31
Let k = -9 - -14. Let h(u) = -10*u - 1. Let w(p) = 3*p + 1. Let o(f) = h(f) + 3*w(f). Let d be o(k). Let n(x) = x**2 + 4*x + 2. Calculate n(d).
-1
Let r(w) = -7*w**2 - 2*w - 4. Let u(n) = 30*n**2 + 8*n + 17. Let v(d) = -26*r(d) - 6*u(d). Suppose 8 = -2*l - 2*l. Calculate v(l).
2
Let m(w) be the first derivative of 2*w**3 - 1/120*w**5 + 0*w + 0*w**2 + 9 + 1/24*w**4. Let c(j) be the third derivative of m(j). Give c(-1).
2
Let p(x) be the third derivative of -1/6*x**3 - 7*x**2 + 0 + 1/10*x**5 + 0*x**4 - 2*x. Calculate p(-1).
5
Let k(h) be the second derivative of -h**3/6 - 2*h**2 + 9*h. Let g(b) = 7*b - 24. Let u be g(4). What is k(u)?
-8
Let l(w) = -8 + 5 + 0*w - 6 - 2*w. Let j(g) = 2*g + 8. Let s(c) = -5*j(c) - 4*l(c). Calculate s(-6).
8
Let q = -110 - -156. Suppose -45*y = -q*y + 3. Let h(r) = -r**3 + 3*r**2 + 3*r + 1. What is h(y)?
10
Let g = -44 - -47. Suppose 2*b = -5*c - 2*b + 10, -2*b + 2 = c. Let o(l) = l**3 - 2 + 0*l - 3*l**2 + 2*l**c - 2*l. Determine o(g).
10
Suppose -38 = -6*l + 106. Suppose k + l - 28 = 0. Let c(a) = 3*a - 6. Determine c(k).
6
Suppose 6 = s - u, 4*s + 3*u = u + 12. Let a be -11 + (-3)/1 + s. Let o be 1 + (4/(-1) - a). Let y(f) = -f + 8. What is y(o)?
1
Let l(x) = -x**3 + x**2. Let c(h) = -8*h**3 - h**2 - h. Let a(u) = c(u) + 3*l(u). Suppose 0 = -2*z - 0*z + 4*v + 22, -2*z + 2*v = -12. Determine a(z).
-10
Let n = 0 + 0. Suppose -r + 2 = -n. Let h(p) be the first derivative of -4*p**3/3 - p - 1363. What is h(r)?
-17
Let q(v) = -178*v**2 + 354*v + 5. Let t be q(2). Let w(z) = -3 + 4 + 4*z**3 + 2*z - 2. Determine w(t).
5
Suppose 5*t - 4*u = -5*u - 12, 4*u = 4*t. Let k(r) = -2*r**3 + r**2 + r. What is k(t)?
18
Let m(u) = -7*u + 13. Let r(x) = 6*x - 13. Let l(q) = 5*m(q) + 6*r(q). Give l(9).
-4
Let q = -29 - -63. Suppose q*j + 18 = 36*j. Let k(d) = d**2 - 9*d. Determine k(j).
0
Let g(x) = -x + 3. Let b = 11 + -9. Let n(a) = 4 + 2*a + a**b + 3*a + 0 + 0*a**2. Let v be n(-4). Give g(v).
3
Let h(w) = w**3 - 5*w**2 + 8*w - 4. Let i be h(3). Suppose -y - i*o = 2*y - 9, -4*y = -5*o - 35. Let j(m) = -2*m + 4. Give j(y).
-6
Let c be 2*1*10/(-4). Let t(k) = -k**3 - 9*k**2 + k + 14. Let j(l) = -l**2 - l + 2. Let h(v) = -5*j(v) + t(v). Calculate h(c).
-1
Let a(g) = 4*g + 28. Let p(t) = -2*t - 13. Let n(d) = -3*a(d) - 5*p(d). Determine n(-6).
-7
Let j(m) = -m**3 - 5*m**2 - 4. Let h(v) = 22*v**2 - 4*v + 4. Let p be h(1). Let l = 17 - p. What is j(l)?
-4
Let h(z) = 3*z - 105. Let f be h(33). Let p(g) = 9*g + 8. What is p(f)?
-46
Let g(x) = -9644*x**2 + 2 + 3 + 7*x - 2*x + 4826*x**2 + 4819*x**2. Suppose -y = 3*t + 2*t + 31, 0 = -t - 3*y - 9. Calculate g(t).
11
Let v(g) = -g**2 - 5*g - 1. Suppose 6*h - 3 = 7*h. Determine v(h).
5
Let f(a) be the second derivative of a**5/120 + a**4/12 - a**3/3 + a. Let g(w) be the second derivative of f(w). Let r = -3 + 6. Give g(r).
5
Let f = -73 + 75. Let s(x) = 11 - x - x**f - 10 + 1 + 3. What is s(-4)?
-7
Let d(s) = -s**3 - s**2 - 4*s - 7. Suppose -1391 = -5*v - 1401. What is d(v)?
5
Let o(d) = -7*d. Let s = -53 - -56. Suppose 16 = -3*b - 2*q, 2*b - s*q = 3*b + 17. Calculate o(b).
14
Suppose 0 = -321*j + 344*j + 161. Let d(b) = b**3 + 7*b**2 - 2*b + 8. Calculate d(j).
22
Let r(c) be the second derivative of -c**4/12 + c**3/3 - 2*c**2 - 120*c. What is r(5)?
-19
Let j(t) = 10*t**3 - 2*t**2 - 4*t - 2. Let x(p) = 19*p**3 - 3*p**2 - 7*p - 3. Let m(h) = 5*j(h) - 3*x(h). What is m(1)?
-8
Suppose -q = 4*a - 40, q + 30 = a + 2*a. Let h(t) be the third derivative of t**6/120 - 3*t**5/20 - t**4/2 + 7*t**3/3 - 240*t**2 - 1. Give h(a).
-6
Let o(u) = 3*u - 7. Let r(h) = h**3 + 10*h**2 + h - 14. Let a be r(-10). Let w = a - -30. What is o(w)?
11
Suppose b + 16 = 5*b. Let w be (24/20)/(b/10). Let v(q) = w*q - q + 1 - q + q - q**2. Calculate v(-1).
-2
Let i(m) be the third derivative of m**5/60 - m**4/12 + m**3/6 - 14*m**2. Suppose 6*l = 7*l - 3. What is i(l)?
4
Let k be (-245)/(-20) + 3/(-12). Let i(o) = -o + 4. What is i(k)?
-8
Suppose 4*o + 4*d - 56 = 8*o, 2*o - 5*d = -37. Let a(j) = -j - 23. Give a(o).
-12
Suppose 0 = 6*m - 3*m. Let y(p) be the first derivative of p**6/360 - p**4/2 + 5*p**3 - 14. Let n(w) be the third derivative of y(w). Calculate n(m).
-12
Let p(z) = -10*z - 9*z + 1 + 16*z + 7*z**2 - 3*z**2. Calculate p(2).
11
Let a = -8 + -16. Let k be ((-14)/4)/(12/a). Let b(o) = o**3 - 8*o**2 + 5*o + 6. Give b(k).
-8
Let d(h) = 0*h**2 - 5*h - 12 + 12 + h**2. Let z be d(3). Let i(s) = -s**3 - 7*s**2 - 8*s - 7. Calculate i(z).
5
Let y(q) = -q**3 + 12*q**2 - 11*q - 4. Let t be y(11). Let u(m) = -2*m - 6. Let o be u(t). Let l be o - 1 - (-8)/2. Let a(f) = 3*f - 7. Give a(l).
8
Let i(z) = 1 - z - 6*z + 6*z. Let g(q) = 6*q - 9 - 3*q - q. Let w(s) = -g(s) - i(s). Calculate w(8).
0
Let u be (-3 - -2)/(1 + 0). Let d(o) = -3*o + 8. Let j(a) = -39*a + 108. Let y(i) = -27*d(i) + 2*j(i). Calculate y(u).
-3
Let w(x) be the third derivative of x**6/120 + x**5/15 + x**4/8 + x**3/6 - x**2. Let a be -6*5/(-15) - (-3 - -7). Determine w(a).
3
Let z(r) = r**2 - 13*r + 16. Suppose 18*i = -6*i + 264. Calculate z(i).
-6
Let c(p) = p**2 + 6*p + 8. Let x be -5 + 0/(48/(-6)). Give c(x).
3
Let m(q) = -q**2 - 8*q + 3. Let j be m(-8). Let i(f) = j*f - 6*f + 1 + 3*f**2 - 4*f**2. Give i(2).
-9
Let p(s) = -2*s - 11. Let w(y) = -5*y - 36. Let h(g) = 7*p(g) - 2*w(g). Determine h(-5).
15
Let u = 134 - 136. Let g(q) = -8*q + 5. Let s(j) = 7*j - 4. Let h(y) = 6*g(y) + 7*s(y). Give h(u).
0
Let t(i) = 3*i**2 - 19*i + 59. Let m(z) = -2*z**2 + 2*z. Let o(s) = -2*m(s) - t(s). What is o(-18)?
-5
Let k(t) be the third derivative of -t**6/30 - t**5/60 - t**4/24 + t**3/6 + 29*t**2. Determine k(1).
-5
Let k(c) = c**2 - 22*c + 4. Let t be 1485/(-81)*6/(-5). What is k(t)?
4
Let h be (-5)/(9 + (-354)/36). Let y(d) = -d**2 + 4*d + 12. Determine y(h).
0
Let n(o) = 2*o**2 + 5*o + 3. Let g be (1 - -2)/(-1)*(2 + -1). Give n(g).
6
Suppose 5*q = -0*q - 65. Let l(k) = 6*k**3 + k**2 - k + 1. Let s be l(1). Let r = q + s. Let o(g) = -g**3 - 6*g**2 + g + 4. Calculate o(r).
-2
Let b(u) = 4*u. Let i(g) = g**3 - 2*g**2 + g - 4. Let w be i(2). Determine b(w).
-8
Let t(x) = x**3 + 15*x**2 - 15*x + 18. Let p be t(-16). Let w be ((-32)/4)/(p/(-1)). Let i(c) = c**3 - 4*c**2 - 3. Give i(w).
-3
Let a(q) = 8*q - 7*q**2 + 0 + q**3 - 1 - 7. Let p = -1246 + 1252. Calculate a(p).
4
Let t be 3/(3/(-2 - -1)). Let h(j) be the third derivative of j**6/12 - j**5/30 + j**3/6 - 10*j**2. Determine h(t).
-11
Let h(m) = 3*m + 6. Let n(q) = -4*q - 7. Suppose -12*p - 66 = -p. Let z(x) = p*h(x) - 5*n(x). Give z(-4).
-9
Suppose 14*n + 55 - 125 = 0. Let s(q) = 2*q**2 - 21*q + 19. Let d(p) = -p**2 + 10*p - 9. Let w(i) = -13*d(i) - 6*s(i). Determine w(n).
8
Let k(p) = 17 - 11 - 2*p - 7 + p. Determine k(7).
-8
Let f = 11 + -11. Let u(n) be the second derivative of -n**4/12 - 5*n**2 + 54*n. What is u(f)?
-10
Let g(m) be the third derivative of m**6/120 + 3*m**5/20 - m**4/24 - 3*m**3/2 - m**2 + 54*m. Determine g(-9).
0
Suppose 132 = 3*r - 2*r. Let f(n) = -3*n - n**3 - r*n**2 - 3 + 139*n**2 - 2*n. Calculate f(5).
22
Let h(f) = -10*f**2 - 3*f + 4. Let g(s) = 0 + 7 + 8*s - 18*s + 5*s - 20*s**2. Let c(y) = 4*g(y) - 7*h(y). What is c(-1)?
-11
Let w(i) be the first derivative of 3*i**2/2 - 11*i - 50. Let d(o) = 4*o - 12. Let a(n) = -2*d(n) + 3*w(n). What is a(4)?
-5
Suppose -5*k - 5*r - 35 = 0, -2*r - 26 + 0 = 4*k. Let y(z) = z**3 + 7*z**2 + 8*z + 9. Determine y(k).
-3
Let p(o) be the second derivative of -2/5*o**5 - 1/6*o**3 - 34*o + 1/12*o**4 + 0 - 1/2*o**2. Let h = -2 + 1. Determine p(h).
9
Let j = 8 - 6. Let n(p) = 3*p - 4*p**j - p**2 - p + 6*p**2. Let i(b) = b + 7. Let o be i(-9). What is n(o)?
0
Let x(b) be the first derivative of 21*b**2/2 - 3*b - 16. Let q(s) = -1. Let d(w) = 2*q(w) - x(w). Determine d(-1).
22
Let n be ((-6)/4)/(12/(-88)). Let h = 13 - n. Let t(l) = h*l + 21 - 16 + 3*l. What is t(-4)?
-15
Let q(h) = -h**3 - 2*h**2 + 5*h + 3. Suppose k + 4*k + 19 = 4*y, -4 = 2*k + 2*y. Calculate q(k).
-3
Let g(f) = -f**2 - 10*f + 10. Let y be 3 + (-4)/((-20)/(-65)). Give g(y).
10
Let m(o) be the first derivative of o**2/2 + 5*o + 72. Give m(4).
9
Let w(p) = p + 6. Let b(c) = -2*c**2 + 13*c + 14. Let h be b(7). Let n = 1 - h. What is w(n)?
0
Let b(d) = d**2 + 2*d - 1. Let f(g) = g**2 + 2*g - 22. Le